 o(r) be the third derivative of 1/60*r**5 + 0 - 23*r**2 + 1/12*r**4 + 0*r + 2/3*r**3. Calculate o(-4).
12
Let c(m) = -215*m - 221*m - 223*m + 1 + 660*m. Determine c(-7).
-6
Let z(l) = -l**2 - l + 1. Let p be z(0). Let o(v) be the third derivative of -v**4/8 + v**3/6 - 1266*v**2 + 2*v. What is o(p)?
-2
Suppose 4 = 4*g - 12. Suppose -4 = 2*m - 0*m. Let h = g + m. Let s(f) = 2*f**2 - 2*f + 1. Determine s(h).
5
Let y(a) = 2*a + 5. Let w be 63/(-6)*3/((-9)/(-2)). Determine y(w).
-9
Suppose 4*w - 10 = 2*f + 2, 0 = f + 2. Let z(p) = 8*p**2 + 10*p**2 - w*p - 17*p**2. Give z(-3).
15
Let h be 2/(-4)*(4 + (1 - 5)). Let b be -10*2/(-4) - (h + 0). Let o(t) = 3*t - 4*t - 4 + 3*t. Determine o(b).
6
Let c(a) be the second derivative of -a**3/3 + a**2/2 - 3*a. Suppose 2*r = 5*q, 4*q + 14 - 21 = 3*r. Calculate c(r).
11
Let k(s) = -5*s**3 + 3*s**2 - 3*s - 7. Let c(p) = -4*p**3 + 2*p**2 - 3*p - 6. Let u(d) = 4*c(d) - 3*k(d). Calculate u(-2).
7
Let f(b) = b**2 - 3*b + 2. Let u be (-8)/(-5)*50/20. Determine f(u).
6
Suppose -11*w + 15 = -8*w. Let o(q) = q**3 - 5*q**2 + q - 3. Let j be o(w). Let t(h) = -2 - j - h**2 + 4 - 7*h - 4. Determine t(-6).
2
Let f(a) = -2*a**2 + 3*a + 4. Suppose -4*y + 9 = -7. Suppose -8*q = -3*q - 3*n, -17 = q - y*n. Determine f(q).
-5
Suppose -68 = 37*q + 6. Let o(s) = -5*s - 2. Determine o(q).
8
Suppose -6*x + 46 = -32. Let q(w) = x*w**2 - w - 12*w**2 - 3 + w. Let s = -2 - 2. Give q(s).
13
Let f(k) = k**2 + 1. Let x(l) = 4*l**2 + 5*l + 9. Let n(s) = -5*f(s) + x(s). Let p be 288/28 + (-4)/14. Let q = -4 + p. Give n(q).
-2
Let a(g) = -5*g**3 - 9*g**2 - 5*g + 10. Let s(x) = 6*x**3 + 9*x**2 + 5*x - 10. Let v(f) = -5*a(f) - 4*s(f). Give v(-7).
53
Let o be 0 - 2/(-4) - 162/(-36). Let u(f) = 5*f**3 - 2*f**2 - 4*f - 1. Let q(z) = 8*z**3 - 4*z**2 - 7*z - 1. Let k(d) = o*u(d) - 3*q(d). What is k(-2)?
-4
Let s be -3 - (-12)/(-9)*30. Let y = s + 38. Let t(j) = -1 + j + 4 - 6. Give t(y).
-8
Let f(m) = -m + 5. Let k(h) be the second derivative of 5*h - 3/4*h**4 - 1/20*h**5 + 0 - 2*h**2 - 4/3*h**3. Let t be k(-8). Determine f(t).
9
Let i(n) = 2*n. Let k(c) = 3*c + 4. Let t be k(2). Suppose 0 = -4*g + 54 + t. Let f = -20 + g. Calculate i(f).
-8
Let t(j) = 0*j**2 - 3*j - 2*j - 2*j**2 - 3 + 0*j**2. Let d = 119 + -122. Calculate t(d).
-6
Let c(p) = -4*p**2 + 111*p + 28. Let r be c(28). Let i(o) = o**3 - o**2 - 7. Determine i(r).
-7
Suppose -z + 2 = -3. Let l be 7 - 1 - (-3 - -7). Let k(f) = -z*f**2 - 4 + 4*f**2 + l + 7. What is k(4)?
-11
Let i(t) = -t + 1. Let v(s) = 1. Let m(p) = i(p) + 2*v(p). Let f = -1018 + 1020. Give m(f).
1
Let x be ((-6)/(-4))/(6/8). Let w = -43 - -43. Let l(y) = x*y - y**2 - 6*y**2 + w*y**3 - y**3 + 7. Determine l(-7).
-7
Let a(c) = -c. Let j(n) = 5*n**2 + 3*n - 2. Let x be j(1). Let v(t) = -5*t + 7. Let h(p) = x*a(p) - v(p). What is h(-5)?
-2
Let h(t) = -3 + 12 + 2*t - 6*t - 6. Give h(2).
-5
Let c(d) = -d**2 - 5*d - 2. Let p(a) = 3*a - 41. Let o be p(18). Suppose -o*z - 24 - 15 = 0. Calculate c(z).
4
Let b(n) = -2*n**2 + 30*n + 5. Let s be b(14). Let q = s + -25. Let r = 8 - q. Let l(h) = h + 9. Give l(r).
9
Let q(n) = -n**2 + 7*n - 15. Suppose -5*u - 5*x = -15, 10*u - 6*u = x + 32. Calculate q(u).
-15
Let k(q) = q**2 - 1. Let o(r) = -4*r**2 - 4. Let d = -73 - -74. Let t(s) = d*o(s) - 5*k(s). Let v = -6 + 5. Give t(v).
-8
Let n(b) be the second derivative of -b**5/20 - 3*b**4/4 + b**3/6 - b**2 - 35*b. Give n(-9).
-11
Let j(t) = 12*t**3 - 2*t**2 + 13*t - 12. Let q(f) = 7*f**3 - 2*f**2 + 7*f - 6. Let u(d) = 4*j(d) - 7*q(d). Determine u(5).
34
Let c = -7 + 11. Let p(g) = 3*g**3 - 2*g**2 + g - c*g**3 - 5*g**2 + 4*g**2. Suppose -3*n = 2*k + 7 + 10, 3*k + 21 = -3*n. Give p(n).
-3
Let k(f) be the second derivative of -f**4/3 + 2*f**3/3 + 7*f**2/2 - 438*f. Determine k(-3).
-41
Let f be (-66)/(-286) - (-72)/26. Let s(y) = 3*y - 3. What is s(f)?
6
Let w(d) be the first derivative of -d**3/3 + 2*d**2 - 3*d + 2. Suppose 13 = 3*q - 2*x + 4*x, -3*x + 2 = 2*q. Let l = q - 5. Give w(l).
1
Let k(x) = x**3 - 6*x**2 + 2*x - 1. Let d = 660 - 654. Give k(d).
11
Let g = -39 - -44. Suppose -g*f = -9*f - 8. Let r(c) = -2*c. Calculate r(f).
4
Suppose -3*w + o = 2*w - 26, -w - 4*o = -1. Let i(q) = q**2 - 2*q. Give i(w).
15
Let a(s) be the second derivative of 0 - 1/12*s**4 + 19*s + 7/6*s**3 - 3/2*s**2. What is a(6)?
3
Let c(d) = -4*d**3 + 3*d + 3*d**3 + 84 - 4*d**2 + 87 - 165. Give c(-4).
-6
Let i = 4 - -2. Suppose o + o = i. Let j(s) be the second derivative of 2*s**3/3 - s**2/2 - 11*s + 2. Give j(o).
11
Let c be (-18)/(-4) + 1/(-2). Suppose -5*h = -5*d - 10, -c*h - 3*d + 48 = d. Let g(r) = r**2 - 9*r + 3. Give g(h).
-11
Suppose r - 4*x = -11, 4*x = 6*x - 8. Let m(y) = -57*y + 24. Let f(o) = -3*o + 1. Let w(i) = 18*f(i) - m(i). What is w(r)?
9
Let n(o) = o + 1. Let h = 33 + -32. Let s(t) = -2*t**2 - t - 9. Let p(k) = h*s(k) + 6*n(k). Calculate p(3).
-6
Let v = 11 + -7. Let x(u) = -4*u + 4. Let k(j) = 7*j - 7. Let s(l) = -3*k(l) - 5*x(l). Determine s(v).
-3
Let v(t) = -5*t**3 - 7*t**2. Let d be v(-2). Let o(g) = -11*g + d*g + 2 + 3*g. Determine o(-3).
-10
Let q(s) = -4*s**3 - 2*s**2 - 4*s - 3. Let r = 538 - 540. Determine q(r).
29
Suppose 2*f - 2 = -0. Let h be (f/(-2))/((-9)/(-18)). Let z(u) = 0*u**2 + 4*u**2 - 1 - 4*u**2 - 2*u**2. What is z(h)?
-3
Let t(l) = -l. Let o(m) = -9*m + 10. Let u(r) = -17*r + 19. Let v(a) = 7*o(a) - 4*u(a). Let b(w) = 3*t(w) + v(w). What is b(-5)?
-16
Let n(u) = 0 - 3 + 0 - u + u**2. Let k(p) = 7*p + 80. Let j be k(-11). Calculate n(j).
3
Let m(y) = y**2 + y - 6. Suppose 5*o + h = -1, -2 = -3*o - 7*h + 9*h. Give m(o).
-6
Let u(q) = 4*q - 4*q**2 + 6*q**3 + 1 - 7*q**3 + 4. Let n = 7 + -12. Determine u(n).
10
Let z(u) = -u**3 - 4 + 3*u**2 - 6*u - 8*u**2 - u. Let l = 31 - 9. Suppose -2 = -5*g - l. Give z(g).
8
Suppose 20 = 6*d + 8. Let t(v) = -10*v - 2. What is t(d)?
-22
Let a(x) = -7*x**3 - x**2 + x. Let c be (-6)/4*(-8)/4. Suppose -9*d - c = -12*d. What is a(d)?
-7
Let f(b) = -4*b + 4*b - 1 + 1 + 13 - 2*b. What is f(6)?
1
Suppose 3*u + 11 - 32 = 2*c, 0 = c + u - 2. Let b(j) = 3*j**2 - 648*j - 57 + 54 + 647*j + j**3. Determine b(c).
0
Let c(d) = -d - 2. Let j(p) = -p**3 - 10*p**2 - 9*p - 8. Let r be j(-9). Let q = r - -8. Suppose 0 = -q*w + w. Calculate c(w).
-2
Suppose 3*l + 30 = 7*d - 3*d, d - 21 = 3*l. Let z(n) = 14*n**3 + 4*n**2 + n + 3. Let f(g) = 5*g**3 + g**2 + 1. Let c(q) = l*z(q) + 17*f(q). What is c(8)?
15
Let p(w) = 2*w - 8. Let v be p(8). Let q = -5 + v. Let z(m) = -4*m + 0*m + q*m. Give z(-4).
4
Let c(k) = -3*k**2 - 2*k**3 + k**3 - 71*k + 2*k**3 + 73*k. Let w(a) = a**3 + 5*a**2 + 3*a - 2. Let z be w(-4). What is c(z)?
0
Let y be ((-1)/(-3))/((-8)/144). Let k(s) = s**3 + 7*s**2 + 5*s + 9. Calculate k(y).
15
Let o be (1 + 0)/(11/22). Suppose 0 = 2*g - 3*r - o + 15, -2*r = g - 11. Let u be (g - -1)/2*-1. Let w(s) = 6*s - 1. Give w(u).
-7
Let k(w) be the second derivative of w**4/6 + 7*w**3/6 + 2*w**2 + 56*w - 2. Determine k(-4).
8
Let h be (-4 - -1)/(9/(-6)). Suppose 15 = -4*p + 5*x, 3*p + h*x + 1 - 7 = 0. Let m(w) = -w + 4. Calculate m(p).
4
Suppose -2*j + f - 27 = -4*j, -3*j + 41 = f. Let a(t) = t**2 - 13*t - 19. Give a(j).
-5
Let l(s) = -5*s**2 + 278*s + s**2 - 279*s. Suppose -1 = b - j, -2*j + 4*j = 0. Let v be 0 + 2 + b + 0. Determine l(v).
-5
Let n be (-54)/63 - 144/(-21). Let y(v) = v**3 - 5*v**2 - 8*v + 7. Determine y(n).
-5
Let r(v) be the first derivative of -v**3/3 - 4*v**2 + 3*v - 513. Determine r(-11).
-30
Let f(i) = -92*i - 1. Let s be f(1). Let a = s - -93. Let d(v) = -v**3 - v - 4. Determine d(a).
-4
Let c(o) = -12*o - 16. Let x(r) = -r**2 + 1. Let h(i) = -c(i) - 2*x(i). Calculate h(-8).
46
Let j(f) be the third derivative of -f**5/60 - f**4/8 + f**3/6 + f**2 + 9*f. Give j(3).
-17
Let z(m) be the second derivative of 5*m**4/6 + m**3/3 + m**2/2 - 3*m. Let a = -9 + 2. Let n(w) = -w - 8. Let k be n(a). Calculate z(k).
9
Let m(i) = i**3 - i**2 - 7. Let q(y) be the second derivative of -y**5/20 - y**4/12 + y**3/6 + y**2/2 - 37*y. Let r be q(-1). Give m(r).
-7
Suppose 4*s = -12, -3*p - 5*s + 10 = 13. Let b(c) = -9*c - 4. Calculate b(p).
-40
Let z(t) = -2*t**2 + 5*t - 5. Suppose 5*v + 2*h = 0, v + 4*h + 17 + 1 = 0. Suppose x + 84 = -0*u - 3*u, 0 = -5*u - v*x - 140. Let o = 32 + u. Determine z(o).
-17
Suppose